alse
Is 2550377 composite?
True
Is 89713147 a composite number?
False
Is 282191302 a prime number?
False
Is 2529301 a prime number?
True
Is 349703 composite?
True
Is 43446073 composite?
True
Is 4411321 a prime number?
False
Is 357151387 composite?
True
Is 21767083 a composite number?
True
Is 21972019 a composite number?
True
Is 20237887 prime?
False
Is 23279101 a prime number?
False
Is 389937643 a composite number?
True
Is 2936741 a composite number?
False
Is 489070133 a prime number?
False
Is 5314979 prime?
False
Is 7843109 prime?
False
Is 54678851 a composite number?
True
Is 39923857 a composite number?
False
Is 101855057 composite?
True
Is 12864883 prime?
False
Is 84491963 composite?
True
Is 78263453 prime?
True
Is 2472643 a prime number?
False
Is 24600089 prime?
False
Is 6473711 prime?
True
Is 1494401 a composite number?
False
Is 345678833 prime?
False
Is 4428899 prime?
True
Is 625296813 a composite number?
True
Is 154793621 prime?
True
Is 41188649 a composite number?
False
Is 5689361 a composite number?
False
Is 3793177 a composite number?
False
Is 75650669 prime?
True
Is 8031557 prime?
True
Is 327647 a prime number?
True
Is 609443 a prime number?
True
Is 386471 prime?
True
Is 25745267 a prime number?
True
Is 752740897 a composite number?
False
Is 5096729 a prime number?
False
Is 1676813 prime?
True
Is 148644811 prime?
False
Is 12162959 composite?
False
Is 370060081 a prime number?
True
Is 10187209 a prime number?
True
Is 377814823 prime?
True
Is 47543399 a composite number?
False
Is 50548471 prime?
False
Is 46531733 a composite number?
True
Is 99248897 prime?
False
Is 176467987 a prime number?
False
Is 58145651 composite?
False
Is 1022799 a prime number?
False
Is 12828407 a prime number?
True
Is 269623231 prime?
False
Is 6677641 prime?
True
Is 395391 prime?
False
Is 685439207 a composite number?
True
Is 97900591 a prime number?
True
Is 848101 composite?
False
Is 349972163 composite?
True
Is 127904417 a prime number?
False
Is 12916957 composite?
True
Is 5123429 a composite number?
False
Is 10236682 a composite number?
True
Is 33475709 a prime number?
True
Is 244510457 composite?
True
Is 19319887 composite?
True
Is 671135 prime?
False
Is 261955709 a composite number?
False
Is 148312141 prime?
True
Is 26158103 composite?
False
Is 41762069 a composite number?
False
Is 315134009 composite?
False
Is 141346046 a prime number?
False
Is 2316299 a composite number?
False
Is 314213 a composite number?
False
Is 4420127 composite?
False
Is 241209797 a prime number?
True
Is 25289879 a prime number?
True
Is 27898457 a composite number?
True
Is 38707111 a composite number?
False
Is 104387849 a prime number?
False
Is 107342957 a prime number?
False
Is 24344549 prime?
True
Is 1431107 prime?
True
Is 221614801 composite?
False
Is 3669713 prime?
False
Is 4979309 a prime number?
True
Is 8758777 a composite number?
False
Is 18920977 a composite number?
True
Is 733919 a composite number?
False
Is 11885947 composite?
True
Is 7412467 a prime number?
True
Is 117618539 a composite number?
False
Is 18455435 composite?
True
Is 126978209 a composite number?
False
Is 12491131 prime?
True
Is 113266367 prime?
False
Is 22001467 a composite number?
False
Is 76414549 a composite number?
True
Is 1765541 a composite number?
False
Is 11125711 prime?
False
Is 75787223 a prime number?
True
Is 2775841 a composite number?
False
Is 40501793 a composite number?
True
Is 27736777 a prime number?
True
Is 5805341 prime?
True
Is 471652871 prime?
False
Is 43894111 prime?
True
Is 71188255 composite?
True
Is 39242263 composite?
False
Is 2615201 a prime number?
False
Is 1023745 a prime number?
False
Is 3830299 composite?
True
Is 3334285 composite?
True
Is 3071227 a composite number?
True
Is 88820051 prime?
True
Is 1210657157 a prime number?
True
Is 28497407 a composite number?
False
Is 265524317 a prime number?
False
Is 15826153 a prime number?
False
Is 655643 prime?
True
Is 387284981 a composite number?
False
Is 222900329 a prime number?
True
Is 2595731 a prime number?
True
Is 1163681 prime?
False
Is 11499569 composite?
True
Is 73517 composite?
False
Is 573503 prime?
False
Is 17138031 composite?
True
Is 59256997 a composite number?
False
Is 25868831 composite?
False
Is 2188463 prime?
True
Is 12154033 a composite number?
False
Is 34651999 prime?
False
Is 100903037 a composite number?
False
Is 1686547 a composite number?
False
Is 23361787 prime?
False
Is 236981 a composite number?
False
Is 633887 a prime number?
False
Is 49006613 composite?
False
Is 180414071 a composite number?
True
Is 1126159 a prime number?
True
Is 92000203 prime?
False
Is 9117569 composite?
False
Is 552787 prime?
True
Is 5985827 a prime number?
True
Is 16896211 a prime number?
True
Is 159821537 prime?
False
Is 2478111 composite?
True
Is 26704277 a composite number?
False
Is 85818749 a composite number?
False
Is 5457229 composite?
False
Is 3758761 a composite number?
False
Is 10549241 a composite number?
False
Is 1042169 a composite number?
True
Is 2395681 composite?
False
Is 437028121 composite?
True
Is 65917153 a composite number?
True
Is 84087749 a prime number?
False
Is 261179 a prime number?
False
Is 259309 a composite number?
False
Is 132872891 a composite number?
False
Is 457141 a prime number?
False
Is 2402161 a prime number?
True
Is 6938527 a prime number?
True
Is 10117049 a composite number?
True
Is 41498047 prime?
False
Is 10548953 a composite number?
True
Is 9369245 a composite number?
True
Is 1163893 composite?
True
Is 725448691 prime?
False
Is 143913601 composite?
True
Is 8474381 composite?
True
Is 1253929 prime?
False
Is 3926693 a composite number?
True
Is 19411247 composite?
False
Is 1944017 composite?
True
Is 150674867 a prime number?
False
Is 13125094 a prime number?
False
Is 3283387 composite?
True
Is 47349733 composite?
False
Is 132971719 prime?
False
Is 760871 prime?
True
Is 926327 composite?
False
Is 3198101 composite?
False
Is 57084541 prime?
True
Is 97712551 a composite number?
True
Is 91493 a prime number?
True
Is 254493169 composite?
True
Is 131450431 a composite number?
True
Is 24220033 prime?
False
Is 91796721 a prime number?
False
Is 105049801 composite?
True
Is 105233531 a prime number?
False
Is 16479457 composite?
False
Is 20804257 a prime number?
True
Is 527634563 a composite number?
True
Is 3317377 a composite number?
True
Is 1176143 prime?
False
Is 8029793 prime?
True
Is 10847311 prime?
True
Is 17248223 composite?
True
Is 116353 prime?
False
Is 8366185 a composite number?
True
Is 666673 prime?
False
Is 32380613 composite?
False
Is 3564257 a composite number?
False
Is 1055107 prime?
False
Is 4887059 prime?
False
Is 6585217 a prime number?
False
Is 3702791 a composite number?
False
Is 1179757 a prime number?
True
Is 68595913 a prime number?
False
Is 20516627 prime?
False
Is 155579621 a composite number?
True
Is 971597 a prime number?
False
Is 1507739 prime?
False
Is 56343437 prime?
True
Is 3572027 a composite number?
False
Is 60096629 composite?
False
Is 670517203 a composite number?
False
Is 8552981 composite?
True
Is 818647474 prime?
False
Is 107089901 prime?
True
Is 11286659 composite?
True
Is 19467299 a composite number?
False
Is 544263 prime?
False
Is 63512069 a composite number?
False
Is 129595489 a composite number?
True
Is 29641243 a prime number?
True
Is 102706273 a prime number?
False
Is 737359 composite?
True
Is 21492187 prime?
False
Is 23645577 a prime number?
False
Is 450493 a prime number?
True
Is 39145787 composite?
False
Is 105891153 a composite number?
True
Is 630107 a composite number?
False
Is 52042693 a prime number?
True
Is 3437021 prime?
False
Is 222354109 a composite number?
False
Is 181899161 composite?
False
Is 39722857 a prime number?
True
Is 42492433 a composite number?
True
Is 1450997 prime?
False
Is 1166449 a composite number?
True
Is 433549 a prime number?
True
Is 11277463 a prime number?
True
Is 1145909419 a prime number?
True
Is 205310769 prime?
False
Is 30925649 composite?
False
Is 4093567 prime?
True
Is 3383761 composite?
True
Is 35631409 composite?
True
Is 105912665 a composite number?
True
Is 731831989 composite?
True
Is 3172705 a prime number?
False
Is 3383749 a composite number?
True
Is 55607294 a prime number?
False
Is 295723039 composite?
False
Is